st common divisor of 368 and 351760.
16
What is the greatest common divisor of 10 and 2360210?
10
What is the greatest common divisor of 4573 and 3497?
269
What is the highest common divisor of 207 and 31326?
69
Calculate the highest common divisor of 12 and 133008.
12
Calculate the greatest common factor of 518 and 45991.
37
What is the greatest common divisor of 1904 and 9604?
28
What is the greatest common divisor of 924 and 9156?
84
What is the highest common divisor of 11 and 3780799?
11
What is the greatest common divisor of 38 and 37088?
38
Calculate the greatest common factor of 516672 and 288.
288
What is the greatest common factor of 88185 and 30?
15
What is the highest common factor of 1497 and 39?
3
What is the highest common divisor of 10237 and 6?
1
What is the greatest common factor of 43857 and 2013?
33
What is the greatest common divisor of 5652856 and 176?
88
What is the highest common factor of 2867 and 14091?
61
What is the greatest common factor of 942 and 50868?
942
Calculate the highest common factor of 15631 and 20251.
77
Calculate the highest common divisor of 120 and 182480.
40
What is the highest common factor of 285 and 437?
19
Calculate the greatest common factor of 14403 and 327.
3
What is the highest common factor of 6923 and 98?
7
Calculate the highest common factor of 1375 and 77.
11
Calculate the greatest common divisor of 11 and 106073.
11
What is the highest common factor of 45815 and 15589?
119
Calculate the highest common factor of 87 and 425691.
87
Calculate the greatest common factor of 568 and 70808.
8
What is the highest common factor of 322435 and 2186?
1093
What is the greatest common divisor of 125 and 158015?
5
What is the greatest common factor of 23884 and 1372?
28
What is the highest common factor of 490375 and 125?
125
What is the highest common factor of 15778 and 2944?
46
What is the highest common factor of 134 and 490909?
67
What is the highest common divisor of 1403 and 26105?
23
Calculate the greatest common divisor of 5735 and 16465.
185
Calculate the greatest common divisor of 11191 and 81947.
361
Calculate the highest common factor of 186809 and 7.
7
What is the greatest common factor of 749 and 25894?
107
What is the greatest common factor of 4149 and 1575?
9
What is the greatest common factor of 474 and 60672?
474
What is the greatest common factor of 208436 and 13149?
487
What is the greatest common factor of 2 and 71938?
2
Calculate the highest common divisor of 18843 and 429.
33
Calculate the highest common factor of 4110 and 18358.
274
Calculate the greatest common factor of 72 and 10503.
9
Calculate the greatest common divisor of 31899 and 186.
93
Calculate the highest common factor of 7049 and 137270.
371
What is the highest common divisor of 60516 and 36?
36
Calculate the greatest common factor of 66738 and 13166.
454
Calculate the highest common divisor of 74974 and 304.
38
Calculate the highest common divisor of 126273 and 2058.
147
What is the greatest common factor of 104 and 257272?
8
What is the greatest common factor of 57 and 1391541?
57
Calculate the highest common divisor of 998 and 21457.
499
Calculate the greatest common divisor of 2784 and 228.
12
What is the highest common divisor of 104632 and 179498?
902
What is the greatest common factor of 957585 and 70?
5
Calculate the greatest common factor of 13 and 720733.
13
Calculate the greatest common divisor of 1687041 and 27.
27
Calculate the greatest common divisor of 9200 and 1656.
184
Calculate the highest common divisor of 360 and 93330.
90
What is the greatest common factor of 35 and 21630?
35
What is the highest common divisor of 12 and 36360?
12
What is the highest common divisor of 3713 and 3901?
47
Calculate the greatest common factor of 14875 and 357.
119
Calculate the greatest common factor of 93247 and 23177.
539
What is the greatest common divisor of 3377 and 209?
11
Calculate the greatest common divisor of 1765 and 3415.
5
What is the greatest common divisor of 121826 and 1?
1
Calculate the highest common divisor of 79976 and 1118.
26
What is the greatest common factor of 72 and 137448?
72
Calculate the greatest common factor of 264 and 25032.
24
Calculate the highest common factor of 6700 and 2800.
100
What is the greatest common divisor of 1526 and 41420?
218
What is the highest common factor of 39083 and 1496?
187
Calculate the greatest common factor of 23760 and 856.
8
What is the greatest common factor of 1490620 and 60?
20
Calculate the highest common factor of 211898 and 101.
101
Calculate the greatest common factor of 15090 and 490928.
1006
Calculate the highest common divisor of 74741 and 31.
31
Calculate the highest common factor of 26316 and 38356.
172
What is the greatest common factor of 1435 and 3745?
35
Calculate the greatest common factor of 23851 and 102833.
391
What is the greatest common factor of 1488 and 945996?
372
Calculate the highest common divisor of 167802 and 6.
6
Calculate the greatest common factor of 36427 and 73.
73
Calculate the highest common factor of 832 and 4082.
26
Calculate the highest common factor of 2477888 and 84.
28
What is the greatest common factor of 73876 and 484?
44
Calculate the highest common divisor of 782 and 28866.
34
Calculate the greatest common factor of 27 and 5827.
1
Calculate the highest common factor of 31807 and 17.
17
What is the highest common divisor of 1309 and 1175125?
119
Calculate the highest common factor of 6576 and 19200.
48
What is the highest common factor of 3224623 and 133?
19
What is the greatest common factor of 100647 and 29097?
477
What is the greatest common factor of 5202462 and 138?
138
Calculate the highest common divisor of 4796 and 327.
109
What is the highest common factor of 1115 and 250?
5
What is the greatest common divisor of 683 and 911?
1
Calculate the highest common divisor of 91 and 40066.
13
Calculate the highest common divisor of 33333 and 2829.
123
What is the greatest common divisor of 33060 and 7395?
435
Calculate the greatest common factor of 78744 and 544.
136
Calculate the greatest common divisor of 27584 and 149126.
862
Calculate the highest common factor of 828 and 1745838.
414
What is the greatest common divisor of 40 and 71860?
20
What is the greatest common factor of 16590 and 6258?
42
Calculate the greatest common divisor of 1665 and 6845.
185
What is the highest common factor of 112408 and 64?
8
Calculate the greatest common divisor of 3124 and 23004.
284
Calculate the greatest common factor of 9920 and 680.
40
What is the greatest common divisor of 328 and 58999?
41
What is the greatest common factor of 5115 and 440?
55
Calculate the highest common divisor of 1291170 and 13896.
1158
Calculate the highest common divisor of 47901 and 84.
21
Calculate the greatest common factor of 387828 and 168.
84
What is the highest common factor of 126 and 38990?
14
Calculate the highest common divisor of 71 and 122191.
71
Calculate the highest common divisor of 6480 and 320.
80
Calculate the greatest common factor of 48 and 8272.
16
What is the greatest common factor of 16359 and 10431?
57
Calculate the greatest common factor of 5680 and 435230.
710
Calculate the highest common factor of 214742 and 8514.
946
Calculate the greatest common divisor of 3132 and 3240.
108
What is the highest common factor of 512 and 2176?
128
What is the greatest common factor of 29004080 and 98?
98
What is the highest common factor of 86 and 411682?
86
What is the highest common factor of 40 and 52760?
40
Calculate the greatest common factor of 22800 and 21180.
60
Calculate the greatest common divisor of 39 and 63869.
13
Calculate the greatest common factor of 429845 and 1326.
221
Calculate the highest common divisor of 2986795 and 735.
245
What is the greatest common divisor of 20006 and 1022?
14
Calculate the greatest common factor of 761484 and 23.
23
Calculate the greatest common factor of 4080 and 423504.
816
What is the highest common factor of 865 and 409491?
173
Calculate the highest common factor of 16 and 4930448.
16
What is the greatest common divisor of 826408 and 176?
88
What is the highest common factor of 78 and 11362?
26
What is the highest common divisor of 78880 and 58?
58
Calculate the highest common divi